{"id":52,"date":"2025-01-20T11:18:56","date_gmt":"2025-01-20T11:18:56","guid":{"rendered":"http:\/\/sutoris-office.de\/?page_id=52"},"modified":"2025-01-21T10:30:02","modified_gmt":"2025-01-21T10:30:02","slug":"wir-ueber-uns","status":"publish","type":"page","link":"https:\/\/sutoris-office.de\/?page_id=52","title":{"rendered":"Wir \u00fcber uns"},"content":{"rendered":"\t\t<div data-elementor-type=\"wp-post\" data-elementor-id=\"52\" class=\"elementor elementor-52\">\n\t\t\t\t\t\t<section class=\"elementor-section elementor-top-section elementor-element elementor-element-a312c67 elementor-section-boxed elementor-section-height-default elementor-section-height-default\" data-id=\"a312c67\" data-element_type=\"section\">\n\t\t\t\t\t\t<div class=\"elementor-container elementor-column-gap-default\">\n\t\t\t\t\t<div class=\"elementor-column elementor-col-100 elementor-top-column elementor-element elementor-element-e7094c2\" data-id=\"e7094c2\" data-element_type=\"column\">\n\t\t\t<div class=\"elementor-widget-wrap elementor-element-populated\">\n\t\t\t\t\t\t<div class=\"elementor-element elementor-element-afcf962 elementor-widget elementor-widget-image\" data-id=\"afcf962\" data-element_type=\"widget\" data-widget_type=\"image.default\">\n\t\t\t\t<div class=\"elementor-widget-container\">\n\t\t\t\t\t\t\t\t\t\t\t\t\t\t\t<img fetchpriority=\"high\" decoding=\"async\" width=\"2000\" height=\"600\" src=\"https:\/\/sutoris-office.de\/wp-content\/uploads\/2025\/01\/Friedensengel-Panorama-sutoris-office-Bogenhausen-in-Muenchen-guenstig-Buero-mieten-Einzelbuero-Projektbuero-Bueros-in-Muenchen.png\" class=\"attachment-full size-full wp-image-576\" alt=\"\" srcset=\"https:\/\/sutoris-office.de\/wp-content\/uploads\/2025\/01\/Friedensengel-Panorama-sutoris-office-Bogenhausen-in-Muenchen-guenstig-Buero-mieten-Einzelbuero-Projektbuero-Bueros-in-Muenchen.png 2000w, https:\/\/sutoris-office.de\/wp-content\/uploads\/2025\/01\/Friedensengel-Panorama-sutoris-office-Bogenhausen-in-Muenchen-guenstig-Buero-mieten-Einzelbuero-Projektbuero-Bueros-in-Muenchen-300x90.png 300w, https:\/\/sutoris-office.de\/wp-content\/uploads\/2025\/01\/Friedensengel-Panorama-sutoris-office-Bogenhausen-in-Muenchen-guenstig-Buero-mieten-Einzelbuero-Projektbuero-Bueros-in-Muenchen-1024x307.png 1024w, https:\/\/sutoris-office.de\/wp-content\/uploads\/2025\/01\/Friedensengel-Panorama-sutoris-office-Bogenhausen-in-Muenchen-guenstig-Buero-mieten-Einzelbuero-Projektbuero-Bueros-in-Muenchen-768x230.png 768w, https:\/\/sutoris-office.de\/wp-content\/uploads\/2025\/01\/Friedensengel-Panorama-sutoris-office-Bogenhausen-in-Muenchen-guenstig-Buero-mieten-Einzelbuero-Projektbuero-Bueros-in-Muenchen-1536x461.png 1536w\" sizes=\"(max-width: 2000px) 100vw, 2000px\" \/>\t\t\t\t\t\t\t\t\t\t\t\t\t\t\t<\/div>\n\t\t\t\t<\/div>\n\t\t\t\t\t<\/div>\n\t\t<\/div>\n\t\t\t\t\t<\/div>\n\t\t<\/section>\n\t\t\t\t<section class=\"elementor-section elementor-top-section elementor-element elementor-element-dee58f3 elementor-section-boxed elementor-section-height-default elementor-section-height-default\" data-id=\"dee58f3\" data-element_type=\"section\">\n\t\t\t\t\t\t<div class=\"elementor-container elementor-column-gap-default\">\n\t\t\t\t\t<div class=\"elementor-column elementor-col-100 elementor-top-column elementor-element elementor-element-e32ec09\" data-id=\"e32ec09\" data-element_type=\"column\">\n\t\t\t<div class=\"elementor-widget-wrap elementor-element-populated\">\n\t\t\t\t\t\t<div class=\"elementor-element elementor-element-73082af elementor-widget elementor-widget-spacer\" data-id=\"73082af\" data-element_type=\"widget\" data-widget_type=\"spacer.default\">\n\t\t\t\t<div class=\"elementor-widget-container\">\n\t\t\t\t\t\t\t<div class=\"elementor-spacer\">\n\t\t\t<div class=\"elementor-spacer-inner\"><\/div>\n\t\t<\/div>\n\t\t\t\t\t\t<\/div>\n\t\t\t\t<\/div>\n\t\t\t\t\t<\/div>\n\t\t<\/div>\n\t\t\t\t\t<\/div>\n\t\t<\/section>\n\t\t\t\t<section class=\"elementor-section elementor-top-section elementor-element elementor-element-a6ba1ae elementor-section-boxed elementor-section-height-default elementor-section-height-default\" data-id=\"a6ba1ae\" data-element_type=\"section\">\n\t\t\t\t\t\t<div class=\"elementor-container elementor-column-gap-default\">\n\t\t\t\t\t<div class=\"elementor-column elementor-col-100 elementor-top-column elementor-element elementor-element-df3f081\" data-id=\"df3f081\" data-element_type=\"column\">\n\t\t\t<div class=\"elementor-widget-wrap elementor-element-populated\">\n\t\t\t\t\t\t<div class=\"elementor-element elementor-element-6a7235a elementor-widget elementor-widget-heading\" data-id=\"6a7235a\" data-element_type=\"widget\" data-widget_type=\"heading.default\">\n\t\t\t\t<div class=\"elementor-widget-container\">\n\t\t\t\t\t<h1 class=\"elementor-heading-title elementor-size-default\">Wir \u00fcber uns <\/h1>\t\t\t\t<\/div>\n\t\t\t\t<\/div>\n\t\t\t\t<div class=\"elementor-element elementor-element-b829af7 elementor-widget elementor-widget-text-editor\" data-id=\"b829af7\" data-element_type=\"widget\" data-widget_type=\"text-editor.default\">\n\t\t\t\t<div class=\"elementor-widget-container\">\n\t\t\t\t\t\t\t\t\t<p>Unser Office Center besteht seit 2014. Davor waren wir hier in Bogenhausen selbst bereits Mieter. <br \/>Mit Aufgabe des Gesch\u00e4fts des damaligen Vermieters, ging Sutoris in Verhandlung mit dem Objekteigent\u00fcmer <br \/>und den Mieterkollegen erfolgreich eine Weiterf\u00fchrung des Office Centers unter &#8222;eigener Regie&#8220;.<\/p><p>Da kleine B\u00fcros in einer so guten Lage kaum zu finden sind, sind wir sehr gl\u00fccklich \u00fcber diesen Schritt.<\/p><p>Vor diesem Hintergrund sind wir ein bisschen famili\u00e4rer, kollegialer und freundschaftlicher eingestellt und <br \/>f\u00fchlen uns mehr als B\u00fcrogemeinschaft denn als anonymer Bienenstock flei\u00dfiger Einzelk\u00e4mpfer, <br \/>als wir auch gerne mit kleinen Events zum gemeinsamen Austausch unterstreichen.<\/p>\t\t\t\t\t\t\t\t<\/div>\n\t\t\t\t<\/div>\n\t\t\t\t\t<\/div>\n\t\t<\/div>\n\t\t\t\t\t<\/div>\n\t\t<\/section>\n\t\t\t\t<section class=\"elementor-section elementor-top-section elementor-element elementor-element-8bddc4d elementor-section-boxed elementor-section-height-default elementor-section-height-default\" data-id=\"8bddc4d\" data-element_type=\"section\">\n\t\t\t\t\t\t<div class=\"elementor-container elementor-column-gap-default\">\n\t\t\t\t\t<div class=\"elementor-column elementor-col-100 elementor-top-column elementor-element elementor-element-f7ca22e\" data-id=\"f7ca22e\" data-element_type=\"column\">\n\t\t\t<div class=\"elementor-widget-wrap elementor-element-populated\">\n\t\t\t\t\t\t<div class=\"elementor-element elementor-element-02b7e85 elementor-widget elementor-widget-spacer\" data-id=\"02b7e85\" data-element_type=\"widget\" data-widget_type=\"spacer.default\">\n\t\t\t\t<div class=\"elementor-widget-container\">\n\t\t\t\t\t\t\t<div class=\"elementor-spacer\">\n\t\t\t<div class=\"elementor-spacer-inner\"><\/div>\n\t\t<\/div>\n\t\t\t\t\t\t<\/div>\n\t\t\t\t<\/div>\n\t\t\t\t\t<\/div>\n\t\t<\/div>\n\t\t\t\t\t<\/div>\n\t\t<\/section>\n\t\t\t\t<\/div>\n\t\t","protected":false},"excerpt":{"rendered":"<p>Wir \u00fcber uns Unser Office Center besteht seit 2014. Davor waren wir hier in Bogenhausen selbst bereits Mieter. Mit Aufgabe des Gesch\u00e4fts des damaligen Vermieters, ging Sutoris in Verhandlung mit dem Objekteigent\u00fcmer und den Mieterkollegen erfolgreich eine Weiterf\u00fchrung des Office Centers unter &#8222;eigener Regie&#8220;. Da kleine B\u00fcros in einer so guten Lage kaum zu finden [&hellip;]<\/p>\n","protected":false},"author":1,"featured_media":0,"parent":0,"menu_order":0,"comment_status":"closed","ping_status":"closed","template":"","meta":{"site-sidebar-layout":"no-sidebar","site-content-layout":"page-builder","ast-site-content-layout":"","site-content-style":"default","site-sidebar-style":"default","ast-global-header-display":"","ast-banner-title-visibility":"","ast-main-header-display":"","ast-hfb-above-header-display":"","ast-hfb-below-header-display":"","ast-hfb-mobile-header-display":"","site-post-title":"disabled","ast-breadcrumbs-content":"","ast-featured-img":"disabled","footer-sml-layout":"","theme-transparent-header-meta":"default","adv-header-id-meta":"","stick-header-meta":"","header-above-stick-meta":"","header-main-stick-meta":"","header-below-stick-meta":"","astra-migrate-meta-layouts":"default","ast-page-background-enabled":"default","ast-page-background-meta":{"desktop":{"background-color":"var(--ast-global-color-4)","background-image":"","background-repeat":"repeat","background-position":"center center","background-size":"auto","background-attachment":"scroll","background-type":"","background-media":"","overlay-type":"","overlay-color":"","overlay-gradient":""},"tablet":{"background-color":"","background-image":"","background-repeat":"repeat","background-position":"center center","background-size":"auto","background-attachment":"scroll","background-type":"","background-media":"","overlay-type":"","overlay-color":"","overlay-gradient":""},"mobile":{"background-color":"","background-image":"","background-repeat":"repeat","background-position":"center center","background-size":"auto","background-attachment":"scroll","background-type":"","background-media":"","overlay-type":"","overlay-color":"","overlay-gradient":""}},"ast-content-background-meta":{"desktop":{"background-color":"var(--ast-global-color-5)","background-image":"","background-repeat":"repeat","background-position":"center center","background-size":"auto","background-attachment":"scroll","background-type":"","background-media":"","overlay-type":"","overlay-color":"","overlay-gradient":""},"tablet":{"background-color":"var(--ast-global-color-5)","background-image":"","background-repeat":"repeat","background-position":"center center","background-size":"auto","background-attachment":"scroll","background-type":"","background-media":"","overlay-type":"","overlay-color":"","overlay-gradient":""},"mobile":{"background-color":"var(--ast-global-color-5)","background-image":"","background-repeat":"repeat","background-position":"center center","background-size":"auto","background-attachment":"scroll","background-type":"","background-media":"","overlay-type":"","overlay-color":"","overlay-gradient":""}},"footnotes":""},"class_list":["post-52","page","type-page","status-publish","hentry"],"_links":{"self":[{"href":"https:\/\/sutoris-office.de\/index.php?rest_route=\/wp\/v2\/pages\/52","targetHints":{"allow":["GET"]}}],"collection":[{"href":"https:\/\/sutoris-office.de\/index.php?rest_route=\/wp\/v2\/pages"}],"about":[{"href":"https:\/\/sutoris-office.de\/index.php?rest_route=\/wp\/v2\/types\/page"}],"author":[{"embeddable":true,"href":"https:\/\/sutoris-office.de\/index.php?rest_route=\/wp\/v2\/users\/1"}],"replies":[{"embeddable":true,"href":"https:\/\/sutoris-office.de\/index.php?rest_route=%2Fwp%2Fv2%2Fcomments&post=52"}],"version-history":[{"count":32,"href":"https:\/\/sutoris-office.de\/index.php?rest_route=\/wp\/v2\/pages\/52\/revisions"}],"predecessor-version":[{"id":588,"href":"https:\/\/sutoris-office.de\/index.php?rest_route=\/wp\/v2\/pages\/52\/revisions\/588"}],"wp:attachment":[{"href":"https:\/\/sutoris-office.de\/index.php?rest_route=%2Fwp%2Fv2%2Fmedia&parent=52"}],"curies":[{"name":"wp","href":"https:\/\/api.w.org\/{rel}","templated":true}]}}